{"id":14605,"date":"2025-05-04T06:04:07","date_gmt":"2025-05-04T09:04:07","guid":{"rendered":"https:\/\/gastropednatascha.com\/dra\/?page_id=14605"},"modified":"2025-05-04T06:04:07","modified_gmt":"2025-05-04T09:04:07","slug":"condizioni-di-consegna-dei-prodotti-su-erezioneinpilloleit-tutto-cio-che-devi-sapere","status":"publish","type":"page","link":"https:\/\/gastropednatascha.com\/dra\/index.php\/condizioni-di-consegna-dei-prodotti-su-erezioneinpilloleit-tutto-cio-che-devi-sapere\/","title":{"rendered":"Condizioni di Consegna dei Prodotti su erezioneinpillole.it: Tutto ci\u00f2 che Devi Sapere"},"content":{"rendered":"<div lang=it>\n<h2>Condizioni di Consegna dei Prodotti su erezioneinpillole.it: Tutto ci\u00f2 che Devi Sapere<\/h2>\n<p>Acquistare integratori per il benessere maschile online \u00e8 oggi pi\u00f9 facile che mai, ma \u00e8 fondamentale comprendere le condizioni di consegna offerte dal sito su cui si effettua l&#8217;acquisto. In questo articolo analizzeremo nel dettaglio le <strong>condizioni di consegna offerte da erezioneinpillole.it<\/strong>, una delle piattaforme pi\u00f9 affidabili per l&#8217;acquisto di integratori per la disfunzione erettile in Italia. La pagina ufficiale dedicata \u00e8 <strong>https:\/\/erezioneinpillole.it\/condizioni-di-consegna<\/strong>.<\/p>\n<h2>Panoramica Generale delle Condizioni di Consegna<\/h2>\n<p>Il sito erezioneinpillole.it offre una consegna discreta, rapida e sicura in tutta Italia. L\u2019obiettivo principale \u00e8 garantire la massima privacy ai clienti, riducendo i tempi di attesa e semplificando il processo di acquisto. I pacchi vengono imballati in modo anonimo, senza riferimenti al contenuto o al mittente.<\/p>\n<h3>Modalit\u00e0 di Consegna<\/h3>\n<ul>\n<li><strong>Corriere espresso:<\/strong> consegna in 1-3 giorni lavorativi.<\/li>\n<li><strong>Pacco anonimo:<\/strong> nessun riferimento al contenuto o al sito web.<\/li>\n<li><strong>Tracciabilit\u00e0:<\/strong> codice tracking fornito dopo la spedizione.<\/li>\n<li><strong>Spedizione gratuita:<\/strong> per ordini superiori a una soglia specifica (di solito 99\u20ac).<\/li>\n<\/ul>\n<h2>Vantaggi della Consegna su erezioneinpillole.it<\/h2>\n<p>Uno dei principali motivi per cui i clienti scelgono questo sito \u00e8 l&#8217;efficienza del servizio di consegna. Di seguito, analizziamo i principali vantaggi:<\/p>\n<h3>1. Privacy Totale<\/h3>\n<p>Il pacco <a href=\"https:\/\/erezioneinpillole.it\/condizioni-di-consegna\">https:\/\/erezioneinpillole.it\/condizioni-di-consegna<\/a> \u00e8 privo di loghi, etichette o riferimenti a prodotti per la disfunzione erettile. Questo \u00e8 particolarmente importante per chi desidera la massima riservatezza.<\/p>\n<h3>2. Consegna Rapida<\/h3>\n<p>La spedizione viene generalmente effettuata entro 24 ore dall\u2019ordine. In media, la consegna avviene in 1-3 giorni lavorativi, anche nelle aree pi\u00f9 remote d\u2019Italia.<\/p>\n<h3>3. Nessun Bisogno di Ricetta<\/h3>\n<p>I prodotti offerti non richiedono prescrizione medica, facilitando cos\u00ec l\u2019acquisto senza consultazioni obbligatorie.<\/p>\n<h3>4. Pagamento alla Consegna<\/h3>\n<p>Una delle opzioni pi\u00f9 apprezzate \u00e8 il pagamento in contanti alla consegna, che aumenta la fiducia dei clienti nel servizio.<\/p>\n<\/div>\n","protected":false},"excerpt":{"rendered":"<p>Condizioni di Consegna dei Prodotti su erezioneinpillole.it: Tutto ci\u00f2 che Devi Sapere Acquistare integratori per il benessere maschile online \u00e8 oggi pi\u00f9 facile che mai, ma \u00e8 fondamentale comprendere le condizioni di consegna offerte dal sito su cui si effettua l&#8217;acquisto. In questo articolo analizzeremo nel dettaglio le condizioni di consegna offerte da erezioneinpillole.it, una&hellip;&nbsp;<a href=\"https:\/\/gastropednatascha.com\/dra\/index.php\/condizioni-di-consegna-dei-prodotti-su-erezioneinpilloleit-tutto-cio-che-devi-sapere\/\" rel=\"bookmark\">Continue a ler &raquo;<span class=\"screen-reader-text\">Condizioni di Consegna dei Prodotti su erezioneinpillole.it: Tutto ci\u00f2 che Devi Sapere<\/span><\/a><\/p>\n","protected":false},"author":1,"featured_media":0,"parent":0,"menu_order":0,"comment_status":"closed","ping_status":"open","template":"","meta":{"neve_meta_sidebar":"","neve_meta_container":"","neve_meta_enable_content_width":"","neve_meta_content_width":0,"neve_meta_title_alignment":"","neve_meta_author_avatar":"","neve_post_elements_order":"","neve_meta_disable_header":"","neve_meta_disable_footer":"","neve_meta_disable_title":"","footnotes":""},"class_list":["post-14605","page","type-page","status-publish","hentry"],"_links":{"self":[{"href":"https:\/\/gastropednatascha.com\/dra\/index.php\/wp-json\/wp\/v2\/pages\/14605","targetHints":{"allow":["GET"]}}],"collection":[{"href":"https:\/\/gastropednatascha.com\/dra\/index.php\/wp-json\/wp\/v2\/pages"}],"about":[{"href":"https:\/\/gastropednatascha.com\/dra\/index.php\/wp-json\/wp\/v2\/types\/page"}],"author":[{"embeddable":true,"href":"https:\/\/gastropednatascha.com\/dra\/index.php\/wp-json\/wp\/v2\/users\/1"}],"replies":[{"embeddable":true,"href":"https:\/\/gastropednatascha.com\/dra\/index.php\/wp-json\/wp\/v2\/comments?post=14605"}],"version-history":[{"count":0,"href":"https:\/\/gastropednatascha.com\/dra\/index.php\/wp-json\/wp\/v2\/pages\/14605\/revisions"}],"wp:attachment":[{"href":"https:\/\/gastropednatascha.com\/dra\/index.php\/wp-json\/wp\/v2\/media?parent=14605"}],"curies":[{"name":"wp","href":"https:\/\/api.w.org\/{rel}","templated":true}]}}